ase 7) to base 5
-132
Convert -326 (base 9) to base 6.
-1123
What is 25 (base 15) in base 5?
120
Convert 23 (base 4) to base 2.
1011
4 (base 10) to base 4
10
Convert 10 (base 5) to base 12.
5
What is 13 (base 10) in base 3?
111
What is -1202 (base 3) in base 2?
-101111
What is -6 (base 8) in base 4?
-12
What is 10110 (base 2) in base 5?
42
What is -4 (base 14) in base 6?
-4
17 (base 8) to base 14
11
13 (base 4) to base 10
7
What is 5 (base 12) in base 7?
5
What is -1 (base 9) in base 12?
-1
What is -23 (base 4) in base 16?
-b
48 (base 16) to base 11
66
-2 (base 9) to base 2
-10
Convert -b (base 14) to base 13.
-b
What is 1b (base 12) in base 8?
27
What is -21 (base 3) in base 15?
-7
What is 324 (base 6) in base 9?
147
-18 (base 14) to base 4
-112
Convert -1 (base 4) to base 3.
-1
-5 (base 11) to base 14
-5
-5 (base 7) to base 13
-5
What is 1a0 (base 12) in base 11?
220
-341 (base 6) to base 5
-1013
What is -11133 (base 4) in base 11?
-29a
Convert 10 (base 4) to base 14.
4
What is 4 (base 10) in base 11?
4
Convert -3 (base 5) to base 3.
-10
44 (base 9) to base 2
101000
Convert -142 (base 5) to base 13.
-38
-520 (base 6) to base 3
-21010
30 (base 6) to base 2
10010
What is -2 (base 15) in base 5?
-2
What is -3332 (base 4) in base 10?
-254
Convert 3 (base 16) to base 14.
3
What is 5 (base 9) in base 5?
10
Convert -19 (base 13) to base 7.
-31
11000 (base 2) to base 15
19
What is 322 (base 7) in base 15?
ad
2 (base 15) to base 5
2
-156 (base 8) to base 12
-92
Convert -182 (base 13) to base 9.
-335
What is -3 (base 16) in base 3?
-10
Convert -1 (base 10) to base 5.
-1
What is -62 (base 7) in base 8?
-54
-1e (base 15) to base 6
-45
Convert -1 (base 15) to base 5.
-1
Convert 1 (base 12) to base 2.
1
Convert 2 (base 5) to base 16.
2
What is 1011 (base 2) in base 10?
11
What is -78 (base 11) in base 14?
-61
What is 30 (base 15) in base 6?
113
-5 (base 11) to base 14
-5
What is -3 (base 10) in base 6?
-3
Convert 106 (base 12) to base 8.
226
What is -3 (base 16) in base 7?
-3
What is -12 (base 16) in base 6?
-30
What is -2 (base 5) in base 9?
-2
What is -2 (base 10) in base 4?
-2
2 (base 3) to base 6
2
What is -32 (base 10) in base 16?
-20
Convert 6 (base 8) to base 4.
12
What is 10 (base 8) in base 4?
20
What is -1 (base 12) in base 3?
-1
Convert 1010111 (base 2) to base 13.
69
-25 (base 6) to base 13
-14
Convert 2 (base 16) to base 2.
10
-11 (base 2) to base 10
-3
2 (base 12) to base 5
2
What is 3a (base 13) in base 15?
34
Convert -2 (base 4) to base 5.
-2
-204 (base 9) to base 3
-20011
310 (base 4) to base 8
64
Convert -3 (base 9) to base 13.
-3
Convert 5 (base 11) to base 13.
5
-134 (base 11) to base 15
-a8
What is a (base 13) in base 8?
12
15 (base 12) to base 7
23
Convert 8 (base 10) to base 11.
8
Convert -2010 (base 5) to base 15.
-120
Convert 42 (base 5) to base 3.
211
Convert d7 (base 14) to base 4.
2331
-6 (base 12) to base 13
-6
Convert 157 (base 12) to base 4.
3103
What is 30 (base 12) in base 7?
51
-1000 (base 2) to base 15
-8
Convert 12000 (base 3) to base 6.
343
What is 6 (base 9) in base 12?
6
-21 (base 7) to base 15
-10
Convert 1033 (base 6) to base 15.
10c
Convert -114 (base 14) to base 11.
-185
162 (base 7) to base 3
10110
Convert -15 (base 8) to base 12.
-11
Convert -82 (base 11) to base 7.
-156
0 (base 11) to base 5
0
What is -5 (base 9) in base 3?
-12
What is -345 (base 7) in base 6?
-500
-4a (base 16) to base 8
-112
340 (base 8) to base 2
11100000
Convert -21 (base 10) to base 9.
-23
Convert -410 (base 5) to base 7.
-210
Convert 2 (base 3) to base 7.
2
What is -1001000 (base 2) in base 7?
-132
Convert -153 (base 6) to base 8.
-105
Convert -3 (base 11) to base 2.
-11
What is 11 (base 8) in base 13?
9
39 (base 13) to base 14
36
4 (base 6) to base 3
11
Convert 12 (base 6) to base 10.
8
Convert -1 (base 16) to base 7.
-1
5 (base 16) to base 3
12
0 (base 10) to base 11
0
What is -53 (base 14) in base 12?
-61
What is 4 (base 7) in base 15?
4
What is -4e (base 15) in base 16?
-4a
Convert -10 (base 4) to base 9.
-4
Convert -2 (base 15) to base 12.
-2
What is 15 (base 11) in base 16?
10
-2223 (base 5) to base 7
-625
Convert 11 (base 8) to base 14.
9
What is -142 (base 6) in base 3?
-2022
-1 (base 9) to base 4
-1
Convert 0 (base 12) to base 14.
0
10 (base 7) to base 4
13
Convert -10221 (base 4) to base 13.
-19b
What is 2a (base 12) in base 16?
22
What is -3 (base 11) in base 12?
-3
What is 120 (base 4) in base 9?
26
What is 6 (base 9) in base 8?
6
Convert 1 (base 13) to base 5.
1
Convert 1 (base 13) to base 16.
1
What is -13 (base 6) in base 2?
-1001
What is -85 (base 10) in base 3?
-10011
What is 1 (base 10) in base 11?
1
-70 (base 14) to base 16
-62
ce (base 16) to base 10
206
Convert -3 (base 15) to base 9.
-3
What is 3 (base 8) in base 13?
3
-2 (base 10) to base 16
-2
Convert 59 (base 12) to base 9.
76
What is 100011001 (base 2) in base 3?
101102
13 (base 16) to base 15
14
-10111 (base 3) to base 16
-5e
What is 55 (base 7) in base 9?
44
Convert -10 (base 3) to base 7.
-3
What is 2 (base 16) in base 5?
2
-10 (base 5) to base 7
-5
-20 (base 3) to base 4
-12
Convert 3 (base 9) to base 5.
3
-13 (base 4) to base 16
-7
-119 (base 10) to base 5
-434
Convert -450 (base 6) to base 11.
-149
-3b (base 12) to base 5
-142
Convert -11 (base 5) to base 7.
-6
Convert 3 (base 4) to base 2.
11
67 (base 10) to base 12
57
Convert 22 (base 12) to base 8.
32
Convert 11 (base 3) to base 13.
4
Convert -114 (base 7) to base 12.
-50
What is 21 (base 6) in base 15?
d
0 (base 14) to base 8
0
124 (base 10) to base 11
103
What is 4 (base 15) in base 2?
100
Convert -89 (base 13) to base 14.
-81
18 (base 11) to base 9
21
Convert 31 (base 5) to base 13.
13
-2 (base 7) to base 14
-2
Convert -2 (base 4) to base 2.
-10
102 (base 4) to base 6
30
What is 1100 (base 3) in base 12?
30
What is -fc (base 16) in base 2?
-11111100
-5 (base 16) to base 10
-5
-32 (base 16) to base 13
-3b
-1 (base 15) to base 14
-1
Convert -35 (base 13) to base 7.
-62
Convert 1211 (base 3) to base 15.
34
Convert 0 (base 8) to base 11.
0
What is 11 (base 6) in base 3?
21
-11 (base 7) to base 4
-20
Convert -100 (base 5) to base 2.
-11001
Convert 0 (base 8) to base 12.
0
Convert -19 (base 16) to base 14.
-1b
Convert 10100 (base 2) to base 12.
18
Convert -111 (base 3) to base 8.
-15
-1031 (base 4) to base 2
-1001101
What is 7d (base 15) in base 2?
1110110
What is -3 (base 13) in base 8?
-3
What is -1 (base 12) in base 7?
-1
30 (base 8) to base 14
1a
What is 31 (base 4) in base 15?
d
Convert 1 (base 10) to base 12.
1
Convert 1120 (base 3) to base 6.
110
What is -17 (base 12) in base 2?
-10011
What is 4 (base 12) in base 16?
4
111 (base 5) to base 4
133
What is 11000 (base 2) in base 6?
40
1 (base 10) to base 12
1
Convert 152 (base 9) to base 6.
332
What is -12 (base 5) in base 13?
-7
-422 (base 6) to base 5
-1113
What is 301 (base 7) in base 5?
1043
-2 (base 11) to base 2
-10
Convert -11021 (base 3) to base 15.
-7a
5 (base 10) to base 11
5
Convert -1001111 (base 2) to base 12.
-67
Convert 1 (base 16) to base 7.
1
-1b (base 16) to base 4
-123
What is -1042 (base 6) in base 5?
-1432
Convert -5 (base 16) to base 8.
-5
Convert -38 (base 10) to base 7.
-53
Convert -112 (base 3) to base 5.
-24
Convert -11 (base 11) to base 2.
-1100
4 (base 11) to base 6
4
2 (base 11) to base 9
2
-8 (base 9) to base 13
-8
What is 0 (base 3) in base 13?
0
-1 (base 4) to base 8
-1
What is -5 (base 13) in base 11?
-5
Convert -1010 (base 3) to base 16.
-1e
-11 (base 4) to base 12
-5
34 (base 13) to base 15
2d
What is -7c (base 14) in base 12?
-92
What is 242 (base 7) in base 14?
92
Convert -19 (base 10) to base 2.
-10011
What is -1d (base 14) in base 6?
-43
-3a (base 15) to base 16
-37
What is c (base 15) in base 12?
10
-c (base 14) to base 10
-12
What is 217 (base 8) in base 16?
8f
Convert -5 (base 15) to base 16.
-5
-18 (base 14) to base 11
-20
1 (base 4) to base 14
1
3 (base 11) to base 12
3
Convert 2 (base 16) to base 5.
2
What is -52 (base 7) in base 6?
-101
What is -20112 (base 3) in base 15?
-bb
Convert -100011 (base 2) to base 6.
-55
1 (base 6) to base 14
1
What is 1203 (base 4) in base 9?
120
Convert 104 (base 7) to base 14.
3b
-55 (base 6) to base 14
-27
-22 (base 6) to base 9
-15
-8 (base 16) to base 3
-22
What is -2 